 What is the tens digit of f?
6
Let y = 48771 + -15613. What is the units digit of y?
8
Let q = -21988 + 42328. What is the ten thousands digit of q?
2
Let x = 12016 + -7683. What is the thousands digit of x?
4
Let u be (-4)/10 + (-2 - 861/(-15)). Let h = 59 - u. Suppose -4*d = d - h*t - 311, -2*d + 3*t = -123. What is the tens digit of d?
6
Suppose -18*x + 79981 = 6*x + 19453. What is the thousands digit of x?
2
Let v(b) = 4*b**2 - b + 53. Suppose 0 = 1068*f - 1074*f + 102. What is the tens digit of v(f)?
9
Suppose -61 = -2*y - q, 0*q = q + 5. Let b(z) = 7*z**2 - 1 + 77*z - y*z - 41*z. What is the units digit of b(3)?
1
Let c(a) = -24*a**3 + 271*a**2 + 3*a - 42. What is the units digit of c(11)?
8
Let s = 27615 - 5590. What is the ten thousands digit of s?
2
Let u(w) = 21*w**2 - 18*w + 117. What is the tens digit of u(6)?
6
Suppose -l + 2185*z - 2180*z = -36704, -z = -8. What is the ten thousands digit of l?
3
Suppose -2*x - x - 3*t = 9, -2*x = -t. Suppose -4*c + 76 = 20. What is the hundreds digit of 6/c + (-3172)/(-14) + x?
2
Suppose 18*y - 6*y = 44*y - 576. What is the tens digit of y?
1
Let d be 3 + 5704/6 + (-1)/(-3). Let g = -168 + d. What is the units digit of g/15 + 15/25?
3
Let b = 2067 + 904. What is the units digit of b?
1
Suppose 13803 = 5*j - 1157. Suppose j = 8*y - 2888. What is the hundreds digit of y?
7
What is the hundreds digit of (-6)/10 - (-8064534)/2315?
4
Let j(g) = 4*g - 37. Let f be j(28). Let y be ((-58)/3)/((-10)/f). Let w = y + -55. What is the units digit of w?
0
Suppose 613 = b + h, 5*h = -b + 638 - 29. Suppose b = w + 195. What is the tens digit of w?
1
Let n(c) = -c**3 + 14*c**2 - 8. Let q be n(10). Let s = q + -272. What is the units digit of s?
0
Let b be (26/(-65))/((-6)/45). Suppose 0 = -r + b*p + 528, 16 = -4*p + 20. What is the hundreds digit of r?
5
Let v(g) = g**3 + 16*g**2 + 11*g + 8. Let x be v(-8). Suppose 5*p = x - 102. What is the tens digit of -1 + p - (2 - 1)?
6
Suppose 8*j - 38 = -11*j. What is the thousands digit of 3280/j + (-1)/(3/(-12))?
1
Suppose 2667 = -a - 20*a. Let k = a + 593. What is the tens digit of k?
6
Suppose 14*g + 175 = 39*g. Suppose -3*q + 2527 = -b, 5*q = g*b - 3*b + 4207. What is the tens digit of q?
4
Let l(w) be the first derivative of -105*w**2/2 + 43*w + 183. What is the units digit of l(-9)?
8
Let z(c) = -10*c - 58. Let m be z(8). Let d be (-2)/(-10) + m/(-10). What is the units digit of (d + -11)*(0 + 49)?
7
Suppose -4*r + 512 = 3*f - 2520, -757 = -r - f. Let s = r + -494. What is the hundreds digit of s?
2
What is the hundreds digit of (2*-3859)/(6/9*6/(-12))?
1
Let c(m) = 8*m + 18. Let x be c(4). Let f be 0 + (1 - 3)*x. Let r = f + 136. What is the units digit of r?
6
Let j(q) = 5*q - 7. Let u be j(2). Suppose 0 = u*h - 0. Suppose h = 4*s - 5*v - 508, -3*s + 2*v + 381 = 3*v. What is the hundreds digit of s?
1
Suppose 4*z + 1 = -3. Let i(u) = 5*u - 68. Let j be i(6). Let l = z - j. What is the units digit of l?
7
Let l be (14 + -12)/((-3)/(-477)). Suppose 0 = -3*c + l + 105. What is the tens digit of c?
4
Let i(h) = -h**2 - 140. Let y be i(21). Let c = y + 1750. What is the units digit of c?
9
Let k = -667 + 12850. What is the tens digit of k?
8
Let x(h) = -277*h + 490. What is the hundreds digit of x(-29)?
5
Suppose -6*b = -4*b + y - 462, 0 = -3*b + 3*y + 684. What is the units digit of (14 - -1)/(-4 + b/50)?
5
Suppose 4 + 5 = 3*b. Let t(m) = 14*m - 21. Let i(p) = 29*p - 43. Let j(o) = b*i(o) - 7*t(o). What is the tens digit of j(-6)?
8
Let s(v) = -2*v + 25. Let l be s(10). Suppose 13 + 12 = -5*q, -l*p = -4*q - 200. What is the units digit of p?
6
Let l be 72/39 - (-6)/39. Suppose -x + 15 = l*x. Suppose -4*i + x*b = -431, -3*i + 111 = -2*i + 2*b. What is the tens digit of i?
0
Let q be (8/6 + -3)*-36. Let s be ((-920)/q)/((-1)/(-3)*-2). Suppose -s*z + 17*z + 348 = 0. What is the tens digit of z?
5
Let c(t) = -3274*t - 4425. What is the ten thousands digit of c(-6)?
1
Suppose 0 = 16*l - 21*l + 15. Suppose -15 = -l*t - 63. Let h = 100 + t. What is the tens digit of h?
8
Let x = -12 - -121. Let t = x - -126. What is the units digit of t?
5
Let d = -1265 - -4279. Suppose -3*q + d = -4*t, -4*t = -2*t - 8. Suppose 15*l - 5*l - q = 0. What is the tens digit of l?
0
Let t(o) = -o - 30. Let d be t(16). Let l = d - -57. Suppose 0 = 2*w + 6, l = 3*n + 4*w - 217. What is the tens digit of n?
8
Let a(x) = -44*x**3 + 4*x**2 + 5*x. Suppose -2*m + 14*m = -36. What is the units digit of a(m)?
9
What is the units digit of (-15 - (-8 - 10))*163?
9
What is the units digit of 8 + (3/(-2))/(18/84) + 41835?
6
Let d(x) = -x**3 - 23*x**2 - 63*x - 28. Let b be d(-20). Suppose -51 = -b*g + 12909. What is the hundreds digit of g?
4
Suppose 5*a + 9*a + 2*a = 406064. What is the hundreds digit of a?
3
Suppose -x - 3*p + 29 = -55, 3*x + 4*p = 277. Suppose 0 = 5*y + 39 - x. What is the units digit of y?
2
Suppose -40*d + 9699 = -7901. Suppose -4*s = 1 - 9. Suppose s*k + d = 7*k. What is the tens digit of k?
8
Suppose -8624*h - 102954 = -8630*h. What is the units digit of h?
9
Let o(n) = 362*n**2 + 5*n + 36. Let f be o(7). What is the tens digit of f/44 + (-4)/(-16)?
0
Let p(t) = 33*t**2 - t + 28. Let c(u) = -u**3 - u**2 - 4*u + 6. Let z be c(0). What is the tens digit of p(z)?
1
Suppose 0 = -23*g + 186283 + 3996. What is the units digit of g?
3
Suppose p - 2*b - 840 = -p, -p + 416 = 3*b. Let n = 244 + p. What is the hundreds digit of n?
6
Let i = 241 - -263. Let s = -78 + i. What is the units digit of s?
6
Let t(v) = -v**3 - v**2. Let k(c) = -c**3 - 6*c**2 + 7. Let o(y) = k(y) - 3*t(y). Let j = -664 + 668. What is the tens digit of o(j)?
8
Suppose -3*r + 40 = 2*r. Suppose 5*f - 4*x = 53, -123*f + 3*x = -126*f + 21. Suppose -f*a = -r*a - 27. What is the units digit of a?
7
Let a = -1411 + 1569. What is the units digit of a?
8
Suppose -5*q + 14545 = 9*r - 25815, 0 = 3*q - 4*r - 24216. What is the units digit of q?
2
Suppose 21*s - 23*s = -3*r + 84373, 4*s = -3*r + 84343. What is the ten thousands digit of r?
2
Suppose 0*z - 3*z = 0, -2*y = 4*z - 8. Suppose 2*v + y*k - 86 = v, -2*k = -3*v + 244. Let w = -50 + v. What is the units digit of w?
2
Let o = 2712 - -5903. What is the hundreds digit of o?
6
Suppose -2*k = -5*o - 30 + 10, -30 = -3*k - 4*o. Let x be ((-5)/(k/12))/(3 + -5). Suppose 0 = -x*q - 5*l + 4*l + 659, 0 = 5*l + 5. What is the units digit of q?
0
Let k be (160/25)/((-4)/260). Let g = 393 - k. What is the units digit of g?
9
Let q be 271 - (-6 - (6 + -14 + 5)). Let p = q + 283. What is the units digit of p?
7
Suppose -5*i - 3684 = 4*w - 239382, -5*w = 2*i - 94303. What is the thousands digit of i?
7
Let j = 41 + -34. Suppose -r = 3*t - 96, 177 + j = 2*r + 4*t. What is the hundreds digit of 9612/r - (-2 - (-17)/7)?
1
What is the tens digit of 9 + (-74298)/70*-5?
1
Let i be (1*-2)/(26/1417). Let d = i - -103. Let l(k) = -32*k - 2. What is the tens digit of l(d)?
9
Suppose -4358*o = -4291*o - 2435517. What is the hundreds digit of o?
3
Suppose 63*u - 67*u = 0. Let c(h) = h + 2. Let d be c(u). Suppose -d*j + 7*j - 745 = 0. What is the tens digit of j?
4
Let a = 421 - 220. Suppose 2*d - 4*h - 7 = -3*h, 7 = -d - 3*h. Suppose d*t + a = 5*t. What is the units digit of t?
7
Suppose -282*m = -307*m + 130575. What is the tens digit of m?
2
Let x be 3/(-5) + ((-234240)/50)/(-3). Suppose 1556*z + 3690 = x*z. What is the tens digit of z?
3
What is the hundreds digit of ((-933184)/35)/((-224)/80) + (-4)/14?
5
Let f be (737/(-11))/(0 + -1). Let d be f - (0 + (-12)/4). What is the tens digit of (-9)/(((-75)/d)/5)?
4
Let h(a) = -a**3 - 89*a**2 + 199*a + 161. What is the units digit of h(-92)?
5
Let g be (-1 - (-6)/(-4))*-2 + 1. Suppose -16 + 52 = -g*x. Let u(y) = y**3 + 6*y**2 - 5*y + 1. What is the tens digit of u(x)?
3
Let t be (0/(-1))/(-7 + (12 - 4)). Suppose t = -2*z + y + 2969, -5*z = 5*y - 2*y - 7428. What is the hundreds digit of z?
4
Let r(y) = -62*y**3 - 2*y**2 - 3*y - 1. Let g be r(-1). Let i = -98 + g. What is the units digit of (-1446)/(-14) + i/126?
3
Let m(n) = -n**3 + 5*n**2 + n - 3. Let d be m(5). Let h(b) = 2*b**3 - 3*b**3 - 2*b + d*b**2 + 2 + 2*b**3. What is the tens digit of h(2)?
1
Let a = -494 + 506. What is the tens digit of 314 - ((-1 - -3) + a/(-3))?
1
Suppose 10*g = 9*g + 2. Sup